{"id":236,"date":"2019-12-20T10:49:21","date_gmt":"2019-12-20T10:49:21","guid":{"rendered":"https:\/\/xn--flavoresdeespaa-crb.com\/?page_id=236"},"modified":"2019-12-20T11:35:25","modified_gmt":"2019-12-20T11:35:25","slug":"albaricoque-canino","status":"publish","type":"page","link":"https:\/\/xn--flavoresdeespaa-crb.com\/index.php\/albaricoque-canino\/","title":{"rendered":"Albaricoque Canino"},"content":{"rendered":"<p>Esta variedad espa\u00f1ola de fruto, con forma casi redonda y tama\u00f1o grande o muy grande, de piel amarilla o anaranjada.<\/p>\n<p><img loading=\"lazy\" class=\"alignnone size-full wp-image-230\" src=\"https:\/\/xn--flavoresdeespaa-crb.com\/wp-content\/uploads\/2019\/12\/Albaricoque-B\u00falida-Cooperativa-de-ISSO.jpg\" alt=\"\" width=\"300\" height=\"225\" \/><\/p>\n<p>El investigador del IVIA Gerardo Ll\u00e1cer, en la publicaci\u00f3n \u201cElecci\u00f3n de variedades de albaricoque en la Comunidad Valenciana \u201c la considera una variedad valenciana de media estaci\u00f3n, que suele recolectarse en la primera mitad de junio.<\/p>\n<p>&nbsp;<\/p>\n<p>&nbsp;<\/p>\n","protected":false},"excerpt":{"rendered":"<p>Esta variedad espa\u00f1ola de fruto, con forma casi redonda y tama\u00f1o grande o muy grande, de piel amarilla o anaranjada. El investigador del IVIA Gerardo Ll\u00e1cer, en la publicaci\u00f3n \u201cElecci\u00f3n de variedades de albaricoque en la Comunidad Valenciana \u201c la considera una variedad valenciana de media estaci\u00f3n, que suele recolectarse en la primera mitad de &hellip; <\/p>\n<p class=\"link-more\"><a href=\"https:\/\/xn--flavoresdeespaa-crb.com\/index.php\/albaricoque-canino\/\" class=\"more-link\">Continuar leyendo<span class=\"screen-reader-text\"> \u00abAlbaricoque Canino\u00bb<\/span><\/a><\/p>\n","protected":false},"author":1,"featured_media":0,"parent":0,"menu_order":0,"comment_status":"closed","ping_status":"closed","template":"","meta":[],"_links":{"self":[{"href":"https:\/\/xn--flavoresdeespaa-crb.com\/index.php\/wp-json\/wp\/v2\/pages\/236"}],"collection":[{"href":"https:\/\/xn--flavoresdeespaa-crb.com\/index.php\/wp-json\/wp\/v2\/pages"}],"about":[{"href":"https:\/\/xn--flavoresdeespaa-crb.com\/index.php\/wp-json\/wp\/v2\/types\/page"}],"author":[{"embeddable":true,"href":"https:\/\/xn--flavoresdeespaa-crb.com\/index.php\/wp-json\/wp\/v2\/users\/1"}],"replies":[{"embeddable":true,"href":"https:\/\/xn--flavoresdeespaa-crb.com\/index.php\/wp-json\/wp\/v2\/comments?post=236"}],"version-history":[{"count":2,"href":"https:\/\/xn--flavoresdeespaa-crb.com\/index.php\/wp-json\/wp\/v2\/pages\/236\/revisions"}],"predecessor-version":[{"id":239,"href":"https:\/\/xn--flavoresdeespaa-crb.com\/index.php\/wp-json\/wp\/v2\/pages\/236\/revisions\/239"}],"wp:attachment":[{"href":"https:\/\/xn--flavoresdeespaa-crb.com\/index.php\/wp-json\/wp\/v2\/media?parent=236"}],"curies":[{"name":"wp","href":"https:\/\/api.w.org\/{rel}","templated":true}]}}

<p>Esta variedad española de fruto, con forma casi redonda y tamaño grande o muy grande, de piel amarilla o anaranjada.</p>
<p><img loading="lazy" class="alignnone size-full wp-image-230" src="https://xn--flavoresdeespaa-crb.com/wp-content/uploads/2019/12/Albaricoque-Búlida-Cooperativa-de-ISSO.jpg" alt="" width="300" height="225" /></p>
<p>El investigador del IVIA Gerardo Llácer, en la publicación “Elección de variedades de albaricoque en la Comunidad Valenciana “ la considera una variedad valenciana de media estación, que suele recolectarse en la primera mitad de junio.</p>
<p>&nbsp;</p>
<p>&nbsp;</p>

<p>Esta variedad española de fruto, con forma casi redonda y tamaño grande o muy grande, de piel amarilla o anaranjada. El investigador del IVIA Gerardo Llácer, en la publicación “Elección de variedades de albaricoque en la Comunidad Valenciana “ la considera una variedad valenciana de media estación, que suele recolectarse en la primera mitad de &hellip; </p>
<p class="link-more"><a href="https://xn--flavoresdeespaa-crb.com/index.php/albaricoque-canino/" class="more-link">Continuar leyendo<span class="screen-reader-text"> «Albaricoque Canino»</span></a></p>
